.
-11
Let s(k) = -1 + 7 + 0 + k**3 - 3*k**2 + 3 - 7*k. Let o be s(4). Let v(t) = t**2 - t - 4. Give v(o).
8
Let b be (-2)/3 + 88/48. Let q(j) be the third derivative of 0*j - 2*j**2 + b*j**3 - 1/8*j**4 + 0. Calculate q(6).
-11
Let v(i) = i**2 - 2*i + 1. Let o(j) = j - 1. Let b(a) = -3*o(a) - v(a). Suppose -69 + 15 = -3*f. Let x = f + -18. What is b(x)?
2
Let x(v) = 3*v - 2. Suppose -2*d - 2 = 5*u + 19, -d - 2*u - 8 = 0. Give x(d).
4
Let c(m) = m**2 + 10*m + 4 + 0*m - 3*m. Let y(i) = 3*i - 19. Let v be y(11). Suppose -7*z = 49 - v. Determine c(z).
-6
Let u(z) = -z**3 + 8*z**2 - 9*z + 9. Suppose m + 3*v = -5, -14*v - 16 = -10*v. Calculate u(m).
-5
Suppose 6*d + 4 = -3*a + 8*d, 5*a = 2*d - 12. Let z(t) = t**3 + 4*t**2 - t - 8. What is z(a)?
-4
Suppose 0 = 4*i - 16, 0*r - 10 = 2*r - 5*i. Suppose 0*t - r*t = 0. Suppose t*v - v + 4 = 0. Let q(j) = -j**2 + 3*j - 5. Calculate q(v).
-9
Let k be ((-6)/(-9))/((-4)/6). Let v be k/(-3 - 16/(-5)). Let f(q) be the second derivative of q**5/20 + q**4/2 + q**3 - q**2 + q. Calculate f(v).
-7
Suppose 0 = -4*c - 117 + 33. Let m be 15/c - 4/14. Let n(g) = 5*g**2 - 10*g + 10*g - g**2. Determine n(m).
4
Suppose 40 - 34 = 2*r - 2*o, 5*r - 18 = 4*o. Let b(q) = -q**3 + 4*q**2 + 15*q - 9. Determine b(r).
9
Let l = 2 - 1. Let m be l*(-2 - -9*(-4)/(-6)). Let d(t) = t**2 - t - 1. Let n(j) = j**3 - j**2 - 4. Let p(b) = 3*d(b) - n(b). What is p(m)?
-11
Let l(m) = m - 3. Let d be l(7). Let t(h) = 5 + h - 2 + 2*h - d*h. Calculate t(5).
-2
Let f(l) = l**3 + 7*l**2 - 12*l - 7. Let m(a) = -8*a**2 - 2*a - 2. Let p be m(-1). Give f(p).
25
Let t(z) = 14*z - 21*z + 0 + 3*z + 7. What is t(-6)?
31
Suppose 0 = -2*c + 3*b + 8, 4*c - 83*b = -87*b - 4. Let i(n) = 46*n - 1. What is i(c)?
45
Suppose 8 + 20 = -4*b. Let m = -1 - b. Let t(l) = 6 + 8*l + 5 - m*l**2 - 3 + 0 - l**3. Determine t(-7).
1
Let w(p) = -p - 6. Let t = -15 - -19. Suppose -t*o + 70 = -18*o. Calculate w(o).
-1
Let i be (-2 + (2 - 0))/1. Suppose u = -a, 4*u + 5*a = -i*a. Suppose 8 = -3*w - 2*y + 3, -4*w - 3*y - 8 = u. Let z(h) = -10*h + 1. Determine z(w).
-9
Let o(v) = -v**3 - 55*v**2 + 16*v + 36. Let j(a) = 11*a**2 - 4*a - 7. Let u(l) = -11*j(l) - 2*o(l). Determine u(4).
5
Let d(r) = -4*r + 2. Let p(s) = s**3 + 11*s**2 + 12*s + 23. Let l be p(-10). Suppose 5*v - 18 = -l. Calculate d(v).
-10
Let w(v) = v**2 - 3*v**2 + 20*v + 4 - 22*v. Let i = 11 - 9. Suppose -4*f - 14 = -i. Determine w(f).
-8
Let a be (-3)/9*(-84 - -3). Let p(o) = 36 - 3*o + 5*o - a. What is p(-6)?
-3
Let q = 1504 - 1515. Let k(d) = d**2 + 14*d - 5. What is k(q)?
-38
Let l(y) = -11*y - 41. Let c(x) = -6*x - 21. Let n(t) = -7*c(t) + 4*l(t). Let d(r) = -r - 6. Let v(a) = 8*d(a) - 3*n(a). Give v(-3).
9
Let u(c) = -c**2 - 3*c - 6. Let n = -1 + 1. Let g be u(n). Let j(k) = k**2 + 6*k + 5. Calculate j(g).
5
Let c(i) = -2*i**2 - 1 + 0 + 2*i + i**2. Let s = 277 + -279. Give c(s).
-9
Let a(x) be the second derivative of 13*x**4/3 + x**2/2 + 879*x. What is a(1)?
53
Let o(b) = -3*b**2 - 4*b + 1. Suppose 4 = 2*v + 6. Let s be v*(0 + 4) - (0 - 0). Calculate o(s).
-31
Let l(t) be the first derivative of 0*t - 1/24*t**4 + 11/2*t**2 + 9 + 1/6*t**3. Let n(q) be the second derivative of l(q). What is n(7)?
-6
Let s(l) = l**3 + 3*l**2 + l - 4. Let v(c) = -c**2 - 13*c - 25. Let a be (-76)/(-20) + -4 + (-162)/15. Let t be v(a). Calculate s(t).
-7
Let l(f) = -f - 1 + 6 + 2*f. Suppose -5*h - 4 = 4*g - h, 0 = 3*g + 5*h - 3. What is l(g)?
1
Suppose -2*u + 5 = -3. Let s = -3 + 5. Let c(r) = -r + 5 - 6*r + 4*r + r**3 - 4*r**s. Give c(u).
-7
Let z(b) = b**2 - 10*b - 19. Let d be z(12). Suppose 0 = -2*j + c - 1, 4*j + 0*c + 17 = d*c. Let h(o) = -o**3 - 3*o**2 + 2*o + 2. What is h(j)?
-14
Let q be (10/15)/((-2)/15). Suppose 0 = -5*o + 6 - 1. Let i(s) = -o - s**2 - 4 + 1 - 6*s. What is i(q)?
1
Let h(c) = -c**2 + 3*c - 2. Let x(p) = -2*p**2 - 2*p. Let q(y) = -h(y) + x(y). Let s = -12 - -6. Calculate q(s).
-4
Suppose -2*v = -5*r - 8, 4*r + 5*v = 6*v - 7. Let i(p) = -3*p**3 - 2*p. Give i(r).
28
Let w(i) = 3*i**3 - 3*i**2 + 3*i - 8. Suppose -n + 3*a - 2 = 0, -a = n - 3*n - 4. Let m(o) = -o**3 + o**2 - 2*o + 4. Let k(l) = n*w(l) - 5*m(l). Calculate k(3).
-10
Let i(r) = -2*r**3 - 6*r - 3 + 8*r - 2*r**2 + r**3. Let z be i(-3). Let h(u) = -u**2 - 7*u + u + 2*u**2 + 1 + z*u**2. Determine h(6).
1
Let x(y) = 5*y**2 + 7*y - 2. Let i(b) = -7*b**2 - 6*b + 5. Let r(n) = 2*i(n) + 3*x(n). Determine r(-8).
-4
Let n(v) = -2*v**2 - 7*v + 12. Let q(z) = -3*z**2 - 13*z + 22. Let p(s) = -5*n(s) + 3*q(s). What is p(2)?
2
Let v(l) = 32 - 5*l**3 + 4*l**3 + 10*l + 35 - 95 + 8*l**2 + 34. Give v(9).
15
Let x(v) = v**2 - 11*v - 4. Let c(o) = 3*o**2 - 32*o - 12. Let r(p) = -4*c(p) + 11*x(p). What is r(8)?
-4
Suppose -j + 10 = 3*h, 2*h + 6 = -5*j + 30. Suppose -3*s + i + 38 = 0, 3*i = -5*s - 2*i + 30. Let t(y) = -12*y + 2 + s*y + 3*y. Determine t(j).
10
Suppose 1 = r - 5. Suppose 0 = g + 3*w - 0*w + 7, 2*g - 4*w - 16 = 0. Let b(d) = g*d - 43 + d**2 + 20 + 19 - 8*d. Determine b(r).
-4
Let v(u) = -29*u - 1. Let b be (-2)/6 + 46/(-69). Calculate v(b).
28
Let p(x) = x**3 - 7*x**2 + 7*x - 2. Suppose 515*r = 519*r - 24. Calculate p(r).
4
Let o(m) = -11*m + 3. Let f = 225 + -221. Calculate o(f).
-41
Let g(l) = 301*l + 5 - 302*l - 5 + 2. Give g(0).
2
Let a(w) = 3 + w - 6 - 11 + 8 - 13*w**2 + 5. What is a(-2)?
-55
Let t(a) = -2*a**2 + a + 4. Suppose -2*b + 4*b = 4. Let r(v) = 134*v**2 + 12 + v - 139*v**b + 3*v. Let d(m) = 3*r(m) - 8*t(m). What is d(-4)?
4
Let g(w) = -14 + 0*w - w + 38 - 23 - w**2. What is g(-4)?
-11
Let n(z) be the third derivative of -17*z**4/24 - z**3/6 - 2*z**2. Suppose -18*y = -23*y + 15, -2*y + 5 = h. What is n(h)?
16
Let d(f) = f**2 - 192*f + 2 + 192*f. Let w(x) = -x**2 - x - 2. Let n(p) = 4*d(p) + 5*w(p). Give n(-6).
-8
Let r(o) = -29*o + 75*o - 47*o - 5 - 5. What is r(-5)?
-5
Let b(s) = s**3 + 4*s**2 - 3*s - 7. Suppose 10*t = 5*t - 160. Let i = 27 + t. Give b(i).
-17
Suppose 15*u - 8*u = 56. Let k(n) = -2 + 7 - 7 - u*n + 4*n. What is k(-2)?
6
Let j(c) be the first derivative of -2*c**3 - 16 + c - 1/2*c**2. What is j(1)?
-6
Let s(z) = -z**2 + 288*z - 299*z - 14 + 0 - 1. What is s(-10)?
-5
Let j(y) = -109*y + 108*y - 3*y**2 - 1 + 0*y**2 - 2*y**3. Let u be j(-2). Let c(f) = -2*f**2 + 0*f**2 - 5*f + u*f**2 + 4 - 2*f**2. Determine c(4).
0
Let i be (-5)/1*(-289)/85. Let h = 20 - i. Let r(y) be the first derivative of y**4/4 - y**3 - y**2 + 3*y - 1. Calculate r(h).
-3
Let z(n) = n + 4. Let j(h) = h + 2. Let o(t) = 9*j(t) - 4*z(t). Calculate o(-3).
-13
Let m(d) = 5*d - 151 - 18*d + 76 + 2*d**2 + 75. Determine m(7).
7
Let u(c) = -3*c**2 - 3*c + 3. Let d(g) be the third derivative of -g**6/120 - 3*g**5/20 - g**4/3 - g**3/2 - 5*g**2. Let j be d(-8). What is u(j)?
-15
Let z(u) be the second derivative of -u**5/20 + u**4/12 + u**3/2 + u**2/2 - 18*u. Let o(w) = -w**2 - 7*w - 1. Let j be o(-7). Let x = j - -4. Give z(x).
-8
Let v = 633 + -1898/3. Let a(z) be the first derivative of v*z**3 - 5 - 1/2*z**2 - z. What is a(4)?
11
Let a(m) be the third derivative of m**4/8 - 19*m**3/2 - 534*m**2. Calculate a(23).
12
Let g(l) = l**3 + 4*l**2 + l + 2. Let b(x) = x + 4. Let c be b(-1). Suppose 5*q + 17 + c = 0. What is g(q)?
-2
Let y(f) = -2 - f**2 - 1 + 18 - 4*f - 9 + 0. Calculate y(-4).
6
Let g = 495 + -495. Let x(h) = -h + 12. What is x(g)?
12
Suppose i - 4*j = 8, -5*i = -2*i - j - 13. Let q(c) = -2*c + 12. What is q(i)?
4
Let m be (-2)/(-15) - 141/45. Let i be (10 - 1)*(-6)/(-9). Let w(d) = -4 + d - 2*d - i*d. Determine w(m).
17
Let u be 1/(((-1)/(-35))/(4/20)). Let a(m) = -m**2 + 3*m + 6. Determine a(u).
-22
Let m be (-1)/((-2)/(40/4)). Let f(d) = -2*d**3 + d. Let k(s) = 5*s**3 - 4*s**2 - 7*s - 7. Let c(r) = 2*f(r) + k(r). Give c(m).
-7
Let x(y) be the second derivative of -y**4/12 - y**3/6 + y. Suppose 1651*q + 39 = 1638*q. Calculate x(q).
-6
Let t(m) = 2*m**3 + m. Let b be t(1). Let r(c) = c**3 - 2*c**2 - 3*c + 1. Let g be r(b). Let n(x) = -3*x**3 + x - 1. What is n(g)?
-3
Let d(k) = -21*k + 45*k + 3 - k**3 + 3*k**2 + 2*k**2 - 26*k. Give d(5).
-7
Let o = 502 + -499. Let i(a) = 2*a**3 - 5*a**2 + 3*a - 3. Give i(o).
15
Let f(w) = 4*w**2 + 12*w - 2. Suppose 98 - 118 = -4*u. Let z(p) = 3*p**2 + 11*p - 2. Let b(q) = u*z(q) - 4*f(q). Calculate b(5).
8
Let r = 74 + -72. Le